ulate the remainder when 1180 is divided by 577.
26
What is the remainder when 461 is divided by 177?
107
Calculate the remainder when 3782 is divided by 831.
458
What is the remainder when 3402 is divided by 262?
258
What is the remainder when 1358 is divided by 836?
522
What is the remainder when 16624 is divided by 2075?
24
What is the remainder when 42557 is divided by 190?
187
Calculate the remainder when 2488 is divided by 190.
18
What is the remainder when 3107 is divided by 1548?
11
What is the remainder when 15537 is divided by 131?
79
What is the remainder when 22509 is divided by 230?
199
Calculate the remainder when 25506 is divided by 511.
467
Calculate the remainder when 24129 is divided by 65.
14
What is the remainder when 674 is divided by 294?
86
Calculate the remainder when 94159 is divided by 16.
15
Calculate the remainder when 6064 is divided by 3031.
2
What is the remainder when 41214 is divided by 877?
872
Calculate the remainder when 66999 is divided by 770.
9
What is the remainder when 3046 is divided by 64?
38
What is the remainder when 4461 is divided by 1479?
24
Calculate the remainder when 9780 is divided by 13.
4
Calculate the remainder when 173375 is divided by 516.
515
What is the remainder when 17933 is divided by 10?
3
Calculate the remainder when 151771 is divided by 22.
15
What is the remainder when 7076 is divided by 2304?
164
Calculate the remainder when 124522 is divided by 293.
290
What is the remainder when 38416 is divided by 12802?
10
Calculate the remainder when 42644 is divided by 42632.
12
Calculate the remainder when 12443 is divided by 211.
205
Calculate the remainder when 109088 is divided by 88.
56
Calculate the remainder when 1031 is divided by 922.
109
Calculate the remainder when 21604 is divided by 320.
164
What is the remainder when 37393 is divided by 38?
1
Calculate the remainder when 1244022 is divided by 15.
12
What is the remainder when 48477 is divided by 2201?
55
What is the remainder when 12981 is divided by 246?
189
What is the remainder when 140149 is divided by 41?
11
What is the remainder when 35421 is divided by 1539?
24
Calculate the remainder when 32446 is divided by 2163.
1
What is the remainder when 7983 is divided by 148?
139
What is the remainder when 405909 is divided by 39?
36
Calculate the remainder when 9146 is divided by 61.
57
Calculate the remainder when 2027 is divided by 253.
3
What is the remainder when 2031 is divided by 1977?
54
Calculate the remainder when 8461 is divided by 404.
381
What is the remainder when 7918 is divided by 3900?
118
Calculate the remainder when 2077 is divided by 1033.
11
Calculate the remainder when 7752 is divided by 565.
407
What is the remainder when 729 is divided by 183?
180
What is the remainder when 31377 is divided by 66?
27
Calculate the remainder when 10516 is divided by 48.
4
What is the remainder when 244107 is divided by 395?
392
What is the remainder when 19040 is divided by 238?
0
Calculate the remainder when 374399 is divided by 36.
35
Calculate the remainder when 34222 is divided by 248.
246
Calculate the remainder when 32470 is divided by 248.
230
What is the remainder when 34450 is divided by 261?
259
What is the remainder when 6295 is divided by 47?
44
What is the remainder when 33878 is divided by 594?
20
Calculate the remainder when 538465 is divided by 474.
1
What is the remainder when 54899 is divided by 1372?
19
Calculate the remainder when 3830 is divided by 313.
74
What is the remainder when 284038 is divided by 151?
7
What is the remainder when 11867 is divided by 11505?
362
What is the remainder when 18080 is divided by 49?
48
Calculate the remainder when 44774 is divided by 2035.
4
Calculate the remainder when 33950 is divided by 16975.
0
What is the remainder when 29747 is divided by 155?
142
Calculate the remainder when 646075 is divided by 323032.
11
What is the remainder when 7875 is divided by 154?
21
What is the remainder when 3839906 is divided by 4?
2
What is the remainder when 492 is divided by 2?
0
Calculate the remainder when 577 is divided by 1.
0
Calculate the remainder when 20766 is divided by 88.
86
Calculate the remainder when 11551 is divided by 186.
19
What is the remainder when 1402 is divided by 494?
414
What is the remainder when 25702 is divided by 14?
12
What is the remainder when 3261 is divided by 156?
141
Calculate the remainder when 110271 is divided by 25.
21
What is the remainder when 1061110 is divided by 156?
154
Calculate the remainder when 525733 is divided by 21.
19
What is the remainder when 895296 is divided by 61?
60
What is the remainder when 4747 is divided by 17?
4
What is the remainder when 15598 is divided by 1726?
64
What is the remainder when 5263 is divided by 418?
247
Calculate the remainder when 85337 is divided by 17.
14
What is the remainder when 13210 is divided by 2?
0
Calculate the remainder when 593255 is divided by 69.
62
What is the remainder when 5905 is divided by 328?
1
What is the remainder when 44692 is divided by 18?
16
Calculate the remainder when 4944 is divided by 17.
14
Calculate the remainder when 24192 is divided by 15.
12
What is the remainder when 1148237 is divided by 124?
121
Calculate the remainder when 570 is divided by 36.
30
Calculate the remainder when 9862 is divided by 495.
457
What is the remainder when 104366 is divided by 169?
93
What is the remainder when 2703727 is divided by 835?
832
What is the remainder when 979 is divided by 827?
152
What is the remainder when 1144006 is divided by 4827?
7
What is the remainder when 530170 is divided by 7?
4
What is the remainder when 120025 is divided by 15002?
9
What is the remainder when 398903 is divided by 323?
321
What is the remainder when 1230213 is divided by 13?
10
Calculate the remainder when 13606 is divided by 3396.
22
Calculate the remainder when 52403 is divided by 364.
351
Calculate the remainder when 226 is divided by 12.
10
Calculate the remainder when 4122 is divided by 4121.
1
Calculate the remainder when 4692 is divided by 1149.
96
Calculate the remainder when 113517 is divided by 24.
21
What is the remainder when 2194 is divided by 105?
94
Calculate the remainder when 1943 is divided by 31.
21
Calculate the remainder when 1159 is divided by 342.
133
What is the remainder when 9969 is divided by 125?
94
What is the remainder when 3054 is divided by 137?
40
Calculate the remainder when 5120 is divided by 1275.
20
What is the remainder when 1059 is divided by 95?
14
Calculate the remainder when 13661 is divided by 95.
76
Calculate the remainder when 2409 is divided by 2395.
14
Calculate the remainder when 2364 is divided by 2215.
149
Calculate the remainder when 3657 is divided by 1778.
101
What is the remainder when 10679 is divided by 487?
452
Calculate the remainder when 436931 is divided by 34.
31
Calculate the remainder when 68293 is divided by 50.
43
What is the remainder when 94849 is divided by 88?
73
What is the remainder when 1702 is divided by 409?
66
What is the remainder when 6957689 is divided by 13?
11
What is the remainder when 7318 is divided by 615?
553
Calculate the remainder when 736 is divided by 121.
10
Calculate the remainder when 153359 is divided by 40.
39
Calculate the remainder when 9423 is divided by 152.
151
What is the remainder when 113765 is divided by 2370?
5
Calculate the remainder when 5509 is divided by 102.
1
What is the remainder when 7939 is divided by 721?
8
What is the remainder when 15531 is divided by 210?
201
What is the remainder when 305537 is divided by 696?
689
Calculate the remainder when 5575 is divided by 143.
141
What is the remainder when 4778 is divided by 228?
218
What is the remainder when 336450 is divided by 233?
231
Calculate the remainder when 2942 is divided by 267.
5
Calculate the remainder when 35915 is divided by 3263.
22
Calculate the remainder when 33960 is divided by 161.
150
Calculate the remainder when 15067 is divided by 284.
15
What is the remainder when 8050 is divided by 237?
229
Calculate the remainder when 36 is divided by 10.
6
What is the remainder when 6741 is divided by 841?
13
What is the remainder when 1589361 is divided by 318?
315
Calculate the remainder when 1960 is divided by 1098